{"id":35,"date":"2024-05-16T11:44:51","date_gmt":"2024-05-16T11:44:51","guid":{"rendered":"https:\/\/anstiftungsrat.at\/?page_id=35"},"modified":"2024-05-16T11:44:51","modified_gmt":"2024-05-16T11:44:51","slug":"impressum","status":"publish","type":"page","link":"https:\/\/anstiftungsrat.at\/index.php\/impressum\/","title":{"rendered":"Impressum"},"content":{"rendered":"\n\n<h1>Impressum<\/h1>\n<h3>Medieninhaber<\/h3>\n<p><strong>Nicolas Robert Lang<\/strong><\/p>\nE\u2011Mail: <a href=\"mailto:nic@nicolaslang.at\" target=\"_blank\" rel=\"noopener\">nic@nicolaslang.at<\/a><br \/>\nTelefon: <a href=\"tel:+43 (0) 664 144 06 49\">+43 (0) 664 144 06 49<\/a>\n<h3>Haftungsausschluss<\/h3>\n<p>Die Inhalte unserer Seiten wurden von uns mit gr\u00f6\u00dfter Sorgfalt erstellt. F\u00fcr die Richtigkeit, Vollst\u00e4ndigkeit und Aktualit\u00e4t der Inhalte k\u00f6nnen wir jedoch keine Gew\u00e4hr \u00fcbernehmen.<\/p>\n<p>Bei Links zu externen Webseiten Dritter, haben wir keinen Einfluss auf deren Inhalte. F\u00fcr diese Inhalte sind stets die jeweiligen Betreiber verantwortlich.<\/p>\n<h3>Urheberrecht<\/h3>\n<p>Alle Inhalte dieser Webseite unterliegen, sofern nicht anders angegeben, dem Urheberrecht. Die Vervielf\u00e4ltigung, Bearbeitung, Verbreitung und jede Art der Verwertung au\u00dferhalb der Grenzen des Urheberrechtes bed\u00fcrfen der schriftlichen Zustimmung.<\/p>\n\n","protected":false},"excerpt":{"rendered":"<p>Impressum Medieninhaber Nicolas Robert Lang E\u2011Mail: nic@nicolaslang.at Telefon: +43 (0) 664 144 06 49 Haftungsausschluss Die Inhalte unserer Seiten wurden von uns mit gr\u00f6\u00dfter Sorgfalt erstellt. F\u00fcr die Richtigkeit, Vollst\u00e4ndigkeit und Aktualit\u00e4t der Inhalte k\u00f6nnen wir jedoch keine Gew\u00e4hr \u00fcbernehmen. Bei Links zu externen Webseiten Dritter, haben wir keinen Einfluss auf deren Inhalte. F\u00fcr diese&hellip;<\/p>\n","protected":false},"author":1,"featured_media":0,"parent":0,"menu_order":0,"comment_status":"closed","ping_status":"closed","template":"","meta":{"footnotes":""},"class_list":["post-35","page","type-page","status-publish","hentry"],"_links":{"self":[{"href":"https:\/\/anstiftungsrat.at\/index.php\/wp-json\/wp\/v2\/pages\/35","targetHints":{"allow":["GET"]}}],"collection":[{"href":"https:\/\/anstiftungsrat.at\/index.php\/wp-json\/wp\/v2\/pages"}],"about":[{"href":"https:\/\/anstiftungsrat.at\/index.php\/wp-json\/wp\/v2\/types\/page"}],"author":[{"embeddable":true,"href":"https:\/\/anstiftungsrat.at\/index.php\/wp-json\/wp\/v2\/users\/1"}],"replies":[{"embeddable":true,"href":"https:\/\/anstiftungsrat.at\/index.php\/wp-json\/wp\/v2\/comments?post=35"}],"version-history":[{"count":2,"href":"https:\/\/anstiftungsrat.at\/index.php\/wp-json\/wp\/v2\/pages\/35\/revisions"}],"predecessor-version":[{"id":37,"href":"https:\/\/anstiftungsrat.at\/index.php\/wp-json\/wp\/v2\/pages\/35\/revisions\/37"}],"wp:attachment":[{"href":"https:\/\/anstiftungsrat.at\/index.php\/wp-json\/wp\/v2\/media?parent=35"}],"curies":[{"name":"wp","href":"https:\/\/api.w.org\/{rel}","templated":true}]}}