{"id":2,"date":"2024-04-07T22:00:44","date_gmt":"2024-04-07T22:00:44","guid":{"rendered":"https:\/\/anstiftungsrat.at\/?page_id=2"},"modified":"2025-01-08T14:45:31","modified_gmt":"2025-01-08T14:45:31","slug":"anstiftungsrat","status":"publish","type":"page","link":"https:\/\/anstiftungsrat.at\/","title":{"rendered":"Anstiftungsrat"},"content":{"rendered":"\n\n\t<p>Wir stiften an. Zum Kulturkampf. Literarisch<\/p>\n\t<h2>Wer?<\/h2>\n<p>Der Anstiftungsrat ist eine Plattform f\u00fcr politische Sprachkunst. Wir wollen Autor*innen eine B\u00fchne bieten, literarische und poetische Texte mit politischem Anspruch vor Publikum vorzutragen.<\/p>\n<p><b>Wer steckt hinter dem Anstiftungsrat?<\/b><\/p>\n<p>Wir sind eine Gruppe von jungen, politisch und k\u00fcnstlerisch aktiven Menschen. Wir stehen weder einer Partei noch irgendeiner staatlichen oder nichtstaatlichen Organisation nahe. Unser Engagement erfolgt ehrenamtlich und ohne Sponsor*innen oder F\u00f6rdergeber*innen.<\/p>\n<b>Was will der Anstiftungsrat?<\/b><b><br \/>\n<\/b>In einem politischen Diskurs, der gepr\u00e4gt ist von technisierter, immer rationaler Sprache, wollen wir einen Gegen-Raum bieten, in dem Sprachkunst als politisches Engagement einen Platz findet.\n\t<h2>Aktuelle Veranstaltungen<\/h2>\n<p>Die n\u00e4chste Veranstaltung findet am 5.3 um 20.00 Uhr statt. Diesmal wirds ein Special!<\/p>\n<p>Wir freuen uns auf euer kommen!<\/p>\n\t<h2>Wie?<\/h2>\n<p><b>Wer kann Texte f\u00fcr eine Lesung einsenden?<\/b><\/p>\n<p>Alle Menschen, die sich mit Sprache als Kunstform politisch \u00e4u\u00dfern wollen, k\u00f6nnen Texte einsenden.<\/p>\n<p>&nbsp;<\/p>\n<p><b>In welcher Sprache k\u00f6nnen Texte eingesendet werden?<\/b><\/p>\n<p>Auf Deutsch oder auf Englisch. Einstreuungen in anderen Sprachen sind m\u00f6glich.<\/p>\n<p>&nbsp;<\/p>\n<p><b>Welche Texte k\u00f6nnen eingesendet werden?<\/b><\/p>\n<p>Jede Textform ist erlaubt. Die maximale Textl\u00e4nge f\u00fcr eine Lesung ist 12 Minuten. Das entspricht in etwa 5 A4 Seiten.<\/p>\n<p>&nbsp;<\/p>\n<p><b>Wie l\u00e4uft eine Lesung ab?<\/b><\/p>\n<p>Nach einer kurzen Einf\u00fchrung von uns, geben wir das Wort an die Autor*innen weiter. Diese tragen nacheinander ihre Texte vor. Es gibt anschlie\u00dfend keine moderierte Textbesprechung oder Diskussion mit dem Publikum.<\/p>\n<p>Die Lesungen finden an verschiedenen Orten statt und sind frei und \u00f6ffentlich zug\u00e4nglich. Wir streben eine Dauer von ca. 1h an, je nachdem wie viele Texte wir ausw\u00e4hlen.<\/p>\n<p>&nbsp;<\/p>\n<p><b>Ich habe einen Text eingereicht. Wie geht&#8217;s weiter?<\/b><\/p>\n<p>Nach deiner Einsendung erh\u00e4ltst du per Mail oder via Instagram die Best\u00e4tigung, dass wir deinen Text erhalten haben. Ein paar Tage nach Ende der Einreichfrist erh\u00e4ltst du dann eine R\u00fcckmeldung, ob dein Text f\u00fcr die Lesung ausgew\u00e4hlt wurde.<\/p>\n<p>&nbsp;<\/p>\n<b>Wer entscheidet, welche Texte vorgelesen werden?<\/b><b><br \/>\n<\/b>Das Team des Anstiftungsrates besteht aus 4 &#8211; 6 Personen. Wir entscheiden innerhalb der Gruppe, welche Texte wir f\u00fcr die jeweilige Lesung ausw\u00e4hlen. Sollte dein Text nicht dabei sein, hei\u00dft das nicht, dass dieser uns nicht gefallen hat. Wir freuen uns also, wenn du das n\u00e4chste Mal wieder einen Text einsendest.\n<p>&nbsp;<\/p>\n<p><b>Ich m\u00f6chte meinen Text nicht selber vortragen. Kann ich trotzdem etwas einsenden?<\/b><\/p>\n<p>Ja! Bei jeder Lesung wird eine Person anwesend sein, die deinen Text im Vorhinein erh\u00e4lt und diesen professionell vortr\u00e4gt.<\/p>\n<p>&nbsp;<\/p>\n<p><b>Werden die Autor*innen der ausgew\u00e4hlten Texte entlohnt?<\/b><\/p>\n<p>Zum jetzigen Zeitpunkt l\u00e4uft das Projekt Anstiftungsrat ohne jegliche finanzielle Mittel von au\u00dfen. Insofern erhalten die Autor*innen f\u00fcr ihre Texte kein Honorar. Das kann sich aber in Zukunft durchaus noch \u00e4ndern.<\/p>\n<p>&nbsp;<\/p>\n<p><b>Ich schreibe gerade einen politischen Essay\/eine Seminararbeit\/ein wissenschaftliches Buch, das zum Thema passt. Kann ich meinen Text einreichen?<\/b><\/p>\n<p>Die Sprachkunst steht bei uns im Vordergrund. Rein wissenschaftliche Texte oder politische Analysen k\u00f6nnen nicht eingereicht werden. Solltest du dir unsicher sein, wo dein Text zu verorten ist, kannst du uns aber gerne einen Ausschnitt schicken und wir geben dir R\u00fcckmeldung, ob das in unser Konzept passt.<\/p>\n\t<h2>Archiv<\/h2>\n\n","protected":false},"excerpt":{"rendered":"<p>Wir stiften an. Zum Kulturkampf. Literarisch Wer? Der Anstiftungsrat ist eine Plattform f\u00fcr politische Sprachkunst. Wir wollen Autor*innen eine B\u00fchne bieten, literarische und poetische Texte mit politischem Anspruch vor Publikum vorzutragen. Wer steckt hinter dem Anstiftungsrat? Wir sind eine Gruppe von jungen, politisch und k\u00fcnstlerisch aktiven Menschen. Wir stehen weder einer Partei noch irgendeiner staatlichen&hellip;<\/p>\n","protected":false},"author":1,"featured_media":0,"parent":0,"menu_order":0,"comment_status":"closed","ping_status":"closed","template":"","meta":{"footnotes":""},"class_list":["post-2","page","type-page","status-publish","hentry"],"_links":{"self":[{"href":"https:\/\/anstiftungsrat.at\/index.php\/wp-json\/wp\/v2\/pages\/2","targetHints":{"allow":["GET"]}}],"collection":[{"href":"https:\/\/anstiftungsrat.at\/index.php\/wp-json\/wp\/v2\/pages"}],"about":[{"href":"https:\/\/anstiftungsrat.at\/index.php\/wp-json\/wp\/v2\/types\/page"}],"author":[{"embeddable":true,"href":"https:\/\/anstiftungsrat.at\/index.php\/wp-json\/wp\/v2\/users\/1"}],"replies":[{"embeddable":true,"href":"https:\/\/anstiftungsrat.at\/index.php\/wp-json\/wp\/v2\/comments?post=2"}],"version-history":[{"count":7,"href":"https:\/\/anstiftungsrat.at\/index.php\/wp-json\/wp\/v2\/pages\/2\/revisions"}],"predecessor-version":[{"id":46,"href":"https:\/\/anstiftungsrat.at\/index.php\/wp-json\/wp\/v2\/pages\/2\/revisions\/46"}],"wp:attachment":[{"href":"https:\/\/anstiftungsrat.at\/index.php\/wp-json\/wp\/v2\/media?parent=2"}],"curies":[{"name":"wp","href":"https:\/\/api.w.org\/{rel}","templated":true}]}}